(s) = 4*s - s - 7*s + 3*s. Let z be (-66)/44*(0 + -2). Give w(z).
-3
Let f(i) = -i**3 + 19*i**2 - 17*i - 13. Let y be f(18). Let s(p) = p**3 - 6*p**2 + 6*p - 3. Give s(y).
2
Let d(v) = -v**2 + 15*v - 16. Let s be d(10). Let z = -43 + s. Let m(g) = g + 8. What is m(z)?
-1
Let p(x) = 1944*x**3 - 3 + 4*x**2 + 0 - 3893*x**3 + 1948*x**3 + 13*x. Give p(6).
3
Suppose 0 - 2 = -g - s, 4*g - 8 = -5*s. Let p(l) = -3*l + 3*l**2 - 1 - 2*l**g + 5*l - 5*l. Give p(4).
3
Let l(t) be the first derivative of 3*t**2/2 + 19*t - 364. Determine l(-6).
1
Let j(s) be the second derivative of s**6/360 + s**5/12 + 7*s**4/24 - s**3 - 10*s. Let q(a) be the second derivative of j(a). Determine q(-7).
-14
Let a = -19 - -45. Let c(x) = 18*x**3 - a*x**3 + x + 4 - 4. Give c(1).
-7
Let q(l) = l. Suppose 4*y = -2*y - 240. Let o be 1/(1 - y/(-35)). Determine q(o).
-7
Let l(x) = x - 1. Suppose -2*g = -a + 66, 2*a - 1 = -9. Let f = 31 + g. Calculate l(f).
-5
Let i(x) = 10*x**2 + 3*x - 2. Let k be i(1). Let y(j) = -j + 6. Let s be y(k). Let d(h) = h**2 + 6*h - 4. Determine d(s).
-9
Let u(f) = 4*f**2 + 2*f + 3. Let h(i) = -14*i**3 - 71*i**2 + i + 27. Let c be h(-5). Determine u(c).
33
Let y be (0 + 3)*-1 - (0 + -7). Let v(x) = x**3 - 4*x**2 + 3*x + 5. Calculate v(y).
17
Let d(s) = -2*s - 19. Let n(z) = 4*z + 39. Let h(c) = -13*d(c) - 6*n(c). Determine h(-11).
-9
Let y(o) be the first derivative of o**3/3 - 3*o**2/2 - 3*o + 179. What is y(-2)?
7
Let h(i) = -44 + 12 + 9 - 3*i + 11 + 8. Give h(0).
-4
Let p(s) be the third derivative of s**5/60 - 7*s**4/24 + 2*s**3/3 + 61*s**2 + 3. Give p(3).
-8
Let w(x) = -5*x**2 + 2*x - 1. Suppose -2*k - r = -1, -28*k + 5*r = -32*k - 1. Calculate w(k).
-4
Let d(p) be the third derivative of -p**6/360 + p**5/60 - p**4/8 - 2*p**3/3 + 8*p**2. Let k(x) be the first derivative of d(x). What is k(2)?
-3
Let q = -1029/2 - -515. Let f(a) be the second derivative of 0 + 5*a - q*a**2 - 2/3*a**3. Give f(4).
-17
Let s(c) = -8*c - 37. Let q = 1167 + -1173. Determine s(q).
11
Let k(x) = 29*x. Let z(i) = 30*i. Let o be ((-1)/1)/(9/27). Let p(t) = o*k(t) + 2*z(t). Calculate p(1).
-27
Let w(z) = -3*z + 5. Let m(u) = 1. Let a(i) = 7*m(i) + w(i). What is a(12)?
-24
Let u(r) be the second derivative of r**4/12 + 5*r**3/6 - 4*r**2 - 1680*r. Suppose -2*l = -q - 1, 2*l - 3 + 9 = 0. Determine u(q).
6
Let b = -17 - -20. Suppose 6 = 5*r + 3*l, 24 = 5*r - 6*l + b*l. Let w(y) = y**3 - 3*y**2 - 3*y + 4. Calculate w(r).
-5
Let c be ((-4)/(-3 - -19))/((-6)/120). Suppose -4 = -c*f + 11. Let m(y) = y**3 + y - 5*y**2 + 4 + 2 - 3. Give m(f).
-12
Let t(s) = 29*s - 8*s**3 + 29*s - 57*s + s**2 + 0*s**3. Let z(c) = c**3 + 5*c**2 + c + 4. Let m be z(-5). Calculate t(m).
8
Let p(y) be the first derivative of y**4/4 - y**3 - 2*y - 101. Give p(4).
14
Let n(x) be the first derivative of -x**4/4 + 3*x**3 + 4*x**2 + 6*x - 168. Give n(10).
-14
Let g(z) be the first derivative of z**4/4 - 10*z**3/3 - 13*z**2/2 + 26*z - 12. Let o be g(11). Let f(y) = -y**2 + y + 3. Determine f(o).
-9
Let k(c) = -2*c. Let w(q) = 3*q + 1. Let i(t) = 5*k(t) + 4*w(t). Determine i(-7).
-10
Let i(p) = p - 10. Let g be i(-4). Let w(r) = r**2 + 15*r + 17. Let u be w(g). Let k(y) = -y**2 + 3*y + 3. Give k(u).
3
Let r(h) = -22*h**2 + 1 + 27*h**2 - 3 - h**3 - h. Let m(v) = v**2 + v + 1. Let x = 1 + -3. Let c be m(x). Give r(c).
13
Let i = 239 + -134. Suppose -7*l = 8*l + i. Let o(k) = k**3 + 8*k**2 + 8*k + 8. Calculate o(l).
1
Let c(m) be the third derivative of 1/15*m**5 + 0*m - 1/2*m**3 + 0 - 1/120*m**6 + 8*m**2 + 1/12*m**4. Give c(4).
5
Let l(z) = 2*z**2 - 31*z + 16. Let x(m) = -m**2 + 16*m - 8. Let n(v) = -3*l(v) - 5*x(v). Calculate n(13).
-8
Let m(i) = -2*i**2 - 14*i + 1. Let w be m(-7). Let p(z) be the second derivative of -z**4 - 5*z. Calculate p(w).
-12
Suppose 2*t = 4, -3*z + 4 + 10 = t. Suppose -38 = 5*p - 4*b, 2*p + 6 = -b - z. Let a(m) = -m**2 - 6*m + 5. Calculate a(p).
5
Let r(n) = 2*n**3 + 7*n**2 - 10*n - 42. Let b be r(-3). Let j(l) = -l + l**2 - l - 1 - 1. What is j(b)?
13
Let n(f) = -2*f**2 + 12 - f**3 - 12. Calculate n(-3).
9
Let a(v) = v**2 + 2*v. Let u be a(-1). Let x be -2*((1 - 2) + u). Let c(r) be the second derivative of r**3/6 - r**2 + 9*r + 5. Calculate c(x).
2
Let y(b) = 2*b + 3. Let f(l) = l - 14. Suppose 0 = -4*z + 2*d - d - 149, -z = 2*d + 35. Let i = -26 - z. Let k be f(i). Determine y(k).
-3
Let j(p) = 51*p**2 - 2 + 8 - 50*p**2 - 5*p. Let h be j(4). Let y(b) = b**3 - 3*b**2 + b + 2. What is y(h)?
0
Let c(k) be the second derivative of -k**7/2520 + k**6/240 - k**5/40 - 8*k**4/3 + 28*k. Let g(f) be the third derivative of c(f). Determine g(2).
-1
Let l(r) = -r + 3. Let x(t) = 2*t - 2. Let f(p) = -l(p) - x(p). Let b(c) = -c**2 - 4*c - 4. Let a be b(-3). Let k be (a + 4)/(-3)*2. Give f(k).
1
Let p(d) be the third derivative of d**4/8 + d**3/6 - d**2 + 40*d. Determine p(9).
28
Let t(j) = -j**3 - 7*j**2 - 8*j - 6. Suppose 11*q + 1 + 65 = 0. Determine t(q).
6
Let p(h) = h**3 + 5*h**2 - 8*h - 2. Let f(k) = 20*k + 393. Let l be f(-20). What is p(l)?
-44
Let z be 5/(-7) - ((-23)/(-7) + -3). Let b(v) be the second derivative of -v**4/6 - 9*v. What is b(z)?
-2
Let r(n) = -n**2 - 4*n + 6. Suppose -4*x - 3*p + 39 = 10, 5*x = -2*p + 31. Suppose -x*g + 2*t - 40 = 0, -g = 4*g + 4*t + 10. Calculate r(g).
-6
Let b(k) = -5*k**3 + k. Let h(x) = -x**2 - 4*x - 4. Let s = -12 - -9. Let m be h(s). Let w be b(m). Let y(j) = -j**2 + 5*j. Determine y(w).
4
Let o(l) = 4*l + 3. Let c(r) = -20*r - 16. Let x(k) = 2*c(k) + 11*o(k). Let s(y) = -5*y - 2. Let j(q) = -3*s(q) - 4*x(q). Determine j(3).
-1
Let m(j) = -2*j + 28. Let l(n) = n**2 - 22*n - 124. Let t be l(27). Give m(t).
6
Let c be (1/3)/(-2 - (-58)/30). Let w(i) be the first derivative of i**4/4 + 4*i**3/3 - i**2 + 6*i - 6. Calculate w(c).
-9
Let c(s) = -3*s + 2. Let q(b) = 2*b + 14. Let r be q(-2). Suppose -3*o + 24 = -5*h + 2*h, h = -2*o + r. Determine c(o).
-16
Let l(r) = -3*r - 2. Let y(f) = f**3 - 17*f**2 + 20*f - 61. Let h be y(16). What is l(h)?
-11
Suppose 3*j + 4*u - 3 = -0*u, 5*j - 2*u - 31 = 0. Suppose 15 = y + 2*y. Let o(g) = 4*g - 3. Let h(s) = -9*s + 5. Let l(x) = y*o(x) + 2*h(x). Calculate l(j).
5
Let t be (3/(-6))/(4/(-32)). Let l(w) = -w**3 + 8*w**2 - 5*w + 3. Let k(b) = 1 + 2*b**2 - 5*b**2 + 2*b**2. Let d(q) = 3*k(q) + l(q). Calculate d(t).
2
Let o(b) be the second derivative of b**4/12 - b**3/2 - 3*b**2/2 - 14*b. What is o(-3)?
15
Suppose 2*j + x = 4, 4*x - 11 = 2*j - 25. Let k(v) = v**2 - 5*v - 4. Give k(j).
-10
Let l(q) = 2*q + 3*q**3 - 20*q**2 - 21*q**2 + 45*q**2. Calculate l(-2).
-12
Let u = 137 + -133. Let k be (-2)/((-2 + u)/(-2)). Let w(p) = p**2 - 4*p + 1. Calculate w(k).
-3
Suppose 0*w - w = -5*r - 5, 4*r - 10 = -2*w. Let q(y) = y**3 - 4*y**2 - 7*y + 3. What is q(w)?
-7
Let o = 7 + -13. Let v be (-170)/15 + (-2)/o. Let z be (-2)/v - 13/11. Let g(t) = 11*t**2 - 2*t - 1. Give g(z).
12
Let q(s) be the first derivative of -2*s**3/3 - 5*s**2/2 - 27. Let m = 3 - 1. Suppose -g + m*g + 4 = 0. Give q(g).
-12
Suppose 3*r + x = 4*r + 12, -4*x = 3*r + 15. Let i(v) = -138*v - 2. Let n(z) = 274*z - 9. Let h(g) = 2*i(g) + n(g). What is h(r)?
5
Suppose 4*k - k - 6 = 0. Let t be k/4*(1 + 3). Let x(i) = i**3 + 4*i**2 - 3*i - 2. Let h(a) = -a**3 + a. Let f(g) = -2*h(g) - x(g). Give f(t).
-4
Let p(y) be the first derivative of 23*y**2/2 + 427. Determine p(1).
23
Let a(s) be the first derivative of 3*s**2/2 + 13*s + 245. Give a(-6).
-5
Let m be (-52)/(-3)*(-30)/(-40). Let x(z) = -z**3 + 13*z**2 - z + 12. Calculate x(m).
-1
Let v = -30 + 29. Let d be (2/v)/((-12)/(-18)). Let z(q) = 2*q - 4. Determine z(d).
-10
Let v(y) be the second derivative of 9*y - y**2 + 0 + 0*y**3 + 1/6*y**4. Determine v(-2).
6
Let o(k) = -k**3 + 12*k**2 + 2*k - 13. Suppose -5*q - 53 = -4*t, -4 + 9 = -5*q. Determine o(t).
11
Let o = 1648/2463 - 2/821. Let v(h) be the third derivative of -o*h**3 - 1/60*h**5 + 1/3*h**4 + 0*h + 0 - 8*h**2. Give v(8).
-4
Let h(b) = b**3 + 6*b**2 + 6*b - 1. Suppose 3*c = 3*d - 321, -2*d - 2*c + c + 226 = 0. Let p be 4/14 - (d/21)/1. Calculate h(p).
-6
Let b be 1/((-3)/9 + (-35)/(-60)). Let x(q) = -b - 2 - 2*q - 2. Give x(-7).
6
Let j(v) = -4*v**2 - 6*v + 2. Let q(i) = -5*i**2 - 7*i + 1. Let z = 38 - 41. Let g(x) = z*q(x) + 4*j(x). Give g(-7).
-23
Suppose -a = 